{"id":199,"date":"2012-12-06T15:36:36","date_gmt":"2012-12-06T14:36:36","guid":{"rendered":"http:\/\/localhost\/toverland\/?page_id=199"},"modified":"2017-10-02T20:22:46","modified_gmt":"2017-10-02T19:22:46","slug":"verjaardagen","status":"publish","type":"page","link":"http:\/\/www.toverland.net\/s\/informatie\/verjaardagen\/","title":{"rendered":"Verjaardagen"},"content":{"rendered":"<ul>\n<li class=\"li-title\">Een verjaardag in Toverland!<\/li>\n<\/ul>\n<p>Een verjaardag zal in Toverland nooit ongemerkt voorbij gaan! Het is dan feest!<\/p>\n<p>Bij de grote kindjes wordt er een kroontje gemaakt en onze jarige mag op de verjaardagsstoel gaan zitten.<\/p>\n<p>Voor elk kindje dat jarig is, is er een leuk cadeautje!<\/p>\n<ul>\n<li class=\"li-title\">Willen jullie graag iets aan de kindjes van Toverland schenken die dag?<\/li>\n<\/ul>\n<p>Soms zijn er wel eens ouders die ook graag iets teruggeven aan de cr\u00e8che of aan de kindjes in het groepje van hun kindje. Wij vragen jullie dan ook nadrukkelijk GEEN ZOETIGHEDEN of iets dergelijks te geven en ook geen kleine cadeautjes. Er zijn immers ouders die niet graag hebben dat hun kind zoetigheid krijgt en niet elk stuk speelgoed is geschikt voor een cr\u00e8che. Indien u toch graag iets wil geven, heb ik voor jullie een suggestie klaar :<\/p>\n<p>Mogelijkheid 1 :<br \/>\nEr is in Mechelen een klein maar leuk boekenwinkeltje met de naam &#8221; PARDOES &#8221; Hier ben ik reeds gaan kijken en heb er een lijstje aangelegd van boekjes die onze kindjes wel graag zouden bekijken. U kan bij deze mensen altijd eens een kijkje gaan nemen en een boekjes uitzoeken uit de lijst van Toverland. U kan dan \u00e9\u00e9n of meerdere boekjes als cadeautje geven aan de cr\u00e8che. Op deze manier zal elk kindje in de cr\u00e8che er ooit van kunnen genieten!<\/p>\n<p>PARDOES<\/p>\n<p>Ijzerenleen 31<br \/>\n2800 Mechelen<br \/>\n015\/ 71 56 50<br \/>\nEmail :\u00a0\u00a0<a href=\"mailto:mechelen@boekhandelpardoes.be\">mechelen@boekhandelpardoes.be<\/a><\/p>\n<p>Mogelijkheid 2 :<br \/>\nIn elke speelgoedwinkel is er wel iets te vinden van \u201clittle people\u201d. Dit is een merk waar kindjes van alle leeftijden wel mee kunnen spelen. Voor klein of groot, er is een ruim aanbod en in verschillende prijscategorie\u00ebn.<br \/>\nIndien jullie graag iets anders willen kopen dan een boekje, is dit zeker een goed idee!<\/p>\n","protected":false},"excerpt":{"rendered":"<p>Een verjaardag in Toverland! Een verjaardag zal in Toverland nooit ongemerkt voorbij gaan! Het is dan feest! Bij de grote kindjes wordt er een kroontje gemaakt en onze jarige mag op de verjaardagsstoel gaan zitten. Voor elk kindje dat jarig &hellip; <a href=\"http:\/\/www.toverland.net\/s\/informatie\/verjaardagen\/\">Continue reading <span class=\"meta-nav\">&rarr;<\/span><\/a><\/p>\n","protected":false},"author":2,"featured_media":0,"parent":163,"menu_order":10,"comment_status":"closed","ping_status":"closed","template":"","meta":[],"_links":{"self":[{"href":"http:\/\/www.toverland.net\/s\/wp-json\/wp\/v2\/pages\/199"}],"collection":[{"href":"http:\/\/www.toverland.net\/s\/wp-json\/wp\/v2\/pages"}],"about":[{"href":"http:\/\/www.toverland.net\/s\/wp-json\/wp\/v2\/types\/page"}],"author":[{"embeddable":true,"href":"http:\/\/www.toverland.net\/s\/wp-json\/wp\/v2\/users\/2"}],"replies":[{"embeddable":true,"href":"http:\/\/www.toverland.net\/s\/wp-json\/wp\/v2\/comments?post=199"}],"version-history":[{"count":10,"href":"http:\/\/www.toverland.net\/s\/wp-json\/wp\/v2\/pages\/199\/revisions"}],"predecessor-version":[{"id":753,"href":"http:\/\/www.toverland.net\/s\/wp-json\/wp\/v2\/pages\/199\/revisions\/753"}],"up":[{"embeddable":true,"href":"http:\/\/www.toverland.net\/s\/wp-json\/wp\/v2\/pages\/163"}],"wp:attachment":[{"href":"http:\/\/www.toverland.net\/s\/wp-json\/wp\/v2\/media?parent=199"}],"curies":[{"name":"wp","href":"https:\/\/api.w.org\/{rel}","templated":true}]}}